divided by p.
4
Let p be (-3)/2*(-96)/18. Let s be (-6)/(-4)*16/p. Suppose 5*k - k - 88 = -4*d, 0 = -s*d - 2*k + 70. What is the remainder when 50 is divided by d?
24
Suppose -2*a = g - 79, 96 = 3*a - 13*g + 10*g. Calculate the remainder when a is divided by 11.
4
Suppose -b - 29 = -3. Let y = b + 60. Let a = 287 + -278. Calculate the remainder when y is divided by a.
7
Suppose 12*p = 13*p - 64. Calculate the remainder when p is divided by 16.
0
Let o = 3 + 52. Calculate the remainder when 16 is divided by (o/33)/(5/18).
4
Suppose 5*i - 96 = 2*d, 192 = -5*d + d + 3*i. Let b = d + 57. What is the remainder when 26 is divided by b?
8
Let a = 20 + 40. Calculate the remainder when 98 is divided by 206/6 + (-5)/(a/(-8)).
28
Let u(d) = -d**3 - 25*d**2 + 27*d + 63. Calculate the remainder when u(-26) is divided by -1 + -1 - 15/(-1).
11
Let a(j) be the third derivative of j**5/60 + 5*j**4/8 + 5*j**3/6 - 6*j**2. Let t be a(-6). Let m = t + 83. What is the remainder when m is divided by 12?
10
Let r = 0 - 0. Suppose -3*s = -2*g - 366, -4*g + 136 = s - r*g. Let t = -73 + s. What is the remainder when t is divided by 27?
24
Let c = 2840 + -587. Calculate the remainder when c is divided by 49.
48
Suppose -f - 40 = f. Let y = f - -21. What is the remainder when 1 is divided by y?
0
Let d = 881 + -192. What is the remainder when d is divided by 30?
29
Suppose l + i - 9 = 0, -4*l + l = i - 31. Suppose 0 = 5*d - d - 168. Calculate the remainder when d is divided by l.
9
Let y = 27 + -53. What is the remainder when 127 is divided by (-4)/(-12)*-3*y?
23
Let h = -428 - -526. Calculate the remainder when h is divided by 9.
8
Suppose 5*c + 3*v = 83 + 82, -c = 5*v - 33. Calculate the remainder when 526 is divided by c.
31
Let m(a) = -a**2 - 9*a + 19. Suppose -2*g = 5*v + 43, -65 = 3*g + 2*g + 4*v. What is the remainder when 55 is divided by m(g)?
17
Suppose s = -3*x + 200 + 164, 2*s = -x + 128. What is the remainder when x is divided by 21?
15
Suppose 4*f - 2*f = -16. Let q = 2 - f. Calculate the remainder when 38 is divided by q.
8
Let q = -136 + 182. Suppose 51*l - 59*l = -1056. What is the remainder when l is divided by q?
40
Suppose 0 = 2*w + 2*n - 52, 5*w - 8*n + 3*n - 130 = 0. Suppose -s = -0*s - w. What is the remainder when s is divided by 18?
8
Let y be (-5)/10*(3 + 3). Calculate the remainder when y - (-2 - 52) - 4 is divided by 2/(-4) - (-150)/12.
11
Let w = 55 - 55. Calculate the remainder when (w - 2) + 1 + 18/1 is divided by 7.
3
Let f(d) = 31*d + 5. Let x be f(11). Let z = x + -223. What is the remainder when z is divided by 21?
18
Let u(o) = -12*o + 67. What is the remainder when u(0) is divided by 37?
30
Let j(n) = n + 24. Let z be j(4). Let a = z - 26. What is the remainder when 7 is divided by a?
1
Let q(o) = o**2 + 11*o - 14. Let z be q(6). Let i = 135 - z. Let d(v) = v**2 - 10*v - 8. What is the remainder when i is divided by d(12)?
15
Suppose -6*x + 20 = -x. Suppose -x*d + 12 = -12. Calculate the remainder when (-1248)/(-27) + d/(-27) is divided by 12.
10
Suppose -23*z + 1544 = 302. What is the remainder when z is divided by 18?
0
Let x(q) = 2*q**2 + 4*q + 2. Let d = 8 - 6. Let w be (4/(-6) + d)*-3. What is the remainder when 69 is divided by x(w)?
15
Suppose -97 = -8*v + 159. Let o = -78 - -170. What is the remainder when o is divided by v?
28
Suppose -u + 78 = -0*u. Suppose -5*h = -2*k + 44, 3*k = -3*h + 50 + 37. Calculate the remainder when u is divided by k.
24
Suppose o + 9 = 2*d, 12 = 3*d - 2*o - 1. Suppose d*x - 99 = 66. Calculate the remainder when x is divided by 18.
15
Suppose 4*b - 2*d - 38 = 0, -3*b - d + 2*d = -30. Let p = 11 - b. Suppose 5*a - 40 - 45 = p. Calculate the remainder when a is divided by 10.
7
Suppose 3145 - 1945 = 75*p. Suppose c - 3*c = -5*n + 190, 2*n + c - 76 = 0. What is the remainder when n is divided by p?
6
Let z(l) = -l**3 + 4*l**2 + l - 2. Let o(y) = y**3 + 9*y**2 + 2*y + 16. Let t be o(-9). What is the remainder when (t - -3)/((-6)/(-228)) is divided by z(3)?
8
Let f = -33 - -35. Let i be ((-3)/1)/(f/(-2)). Suppose 63 = i*p + 3. What is the remainder when 59 is divided by p?
19
Suppose 0 = -y - v + 29 - 405, 0 = 2*y + 3*v + 757. Let l be y/(-7) + (-6)/(-2). Suppose -3*p + p + l = 0. Calculate the remainder when p is divided by 10.
8
Let t(o) = -453*o + 1. Let x be t(-1). Let r = x + -313. Let k = -101 - -137. Calculate the remainder when r is divided by k.
33
Let o = 22 + -11. Let j be ((-4)/(-6))/((-2)/(-15)). Suppose -79 = -j*i + 61. What is the remainder when i is divided by o?
6
Let f = 159 - 145. What is the remainder when f is divided by 14?
0
Suppose 3*a - w = 61, -w + 7 = 2*a - 37. What is the remainder when (a + 1)/(-6 + 8) is divided by 3?
2
Let n(i) = -11*i - 283. Suppose -3*l = -2*l - 5. What is the remainder when l is divided by n(-26)?
2
Let c = -505 + 571. Calculate the remainder when 261 is divided by c.
63
Let m(s) = -s + 16. Let z(w) = -w**3 + w**2 - 10. Let o be 2 + (2 - (3 + 1)). Let j be z(o). Calculate the remainder when m(j) is divided by 9.
8
Let p = -463 + 478. What is the remainder when 33 is divided by p?
3
Suppose 45 = 5*d - 50. Let n = 23 + d. Suppose 43 = m + 2*w + 10, 4*w = 2*m - n. Calculate the remainder when 107 is divided by m.
26
Let w(o) = 5*o**3 - 31*o**2 - 8*o - 8. Calculate the remainder when w(9) is divided by 66.
64
Suppose -y - 3 - 4 = -c, -c - 5*y = -1. Calculate the remainder when 46 is divided by c.
4
Suppose -4*t + 96 = -12. What is the remainder when 59 is divided by t?
5
Suppose -2*t + 20 = 8. Suppose -j - 3*s + 20 = 0, s - t = -j + 6. What is the remainder when 14 is divided by j?
6
Let q be (1 + (-4)/7)*7. Suppose -d + 5*w = -34, -4*d + 7*w - q*w + 56 = 0. What is the remainder when 3 + d/(-3)*-19 is divided by 21?
18
Let n = 566 + -529. What is the remainder when 183 is divided by n?
35
Suppose -u = -2*h + 2*u + 84, -125 = -3*h + 5*u. Let c = -15 - h. Let f = c + 85. Calculate the remainder when 71 is divided by f.
21
Let n = 28 - 14. Suppose t + 0 = -8. Let f(j) = -j**2 - 13*j - 14. Calculate the remainder when f(t) is divided by n.
12
Calculate the remainder when 12 is divided by -1 - 15/3*-1.
0
Let b(a) = a**2 + 23*a + 169. What is the remainder when b(-15) is divided by 19?
11
Let i = 216 - 203. Calculate the remainder when 29 is divided by i.
3
Suppose 9*h - 167 = 193. What is the remainder when 476 is divided by h?
36
Suppose 0 = 9*b - 187 - 92. Calculate the remainder when b is divided by 9.
4
Let u(i) = -7*i - 157. What is the remainder when 543 is divided by u(-27)?
31
Suppose -5*v + 303 = 2*d - 0*d, 5*d + 4*v = 715. Calculate the remainder when d is divided by 71.
68
Suppose -13*z + 16*z - 81 = 0. Calculate the remainder when z is divided by (-4)/(-18) + 133/9.
12
Let u(j) = 2*j**3 + 5*j**2 - 5*j + 3. Let a be u(-5). Suppose -2*o + 3*f = -32, -4*f + 7 + 11 = 2*o. Calculate the remainder when o/26*(1 - a) is divided by 17.
15
What is the remainder when 65 is divided by (-90)/(-4)*(-18)/(-108)*8?
5
Let u(i) = -i**3 - 8*i**2 - 8*i + 2. Suppose -13*z + 12*z = 4*o - 37, -z = -2*o + 11. Calculate the remainder when u(-7) is divided by o.
1
Suppose -17*m + 704 = -979. What is the remainder when m is divided by 36?
27
Let u(j) = j**2 + 62*j - 516. Suppose 0*g + 125 = 5*g. What is the remainder when u(9) is divided by g?
23
Suppose -r - 15 = 29. Let g = r - -111. Let i = g - 44. What is the remainder when 43 is divided by i?
20
Let x = 0 - -3. Let f(w) = 431*w - 3864. Calculate the remainder when f(9) is divided by x.
0
Let l(g) = -7*g**3 + 3*g - 1. What is the remainder when l(-3) is divided by 26?
23
Let u(t) be the second derivative of 7*t**4/4 - t**3/6 + t**2 + 3*t. What is the remainder when 41 is divided by u(1)?
19
Suppose -p - 4 + 9 = 0. Suppose 5*x + p*n = 65, -3*x - 5*n + 25 = -10. What is the remainder when 57 is divided by x?
12
Let d(s) = 47*s - 17. What is the remainder when 33 is divided by d(1)?
3
Let q be (468/54)/(4/(-6)). Let i = q - -22. Calculate the remainder when 207/6 + 3/(-2) is divided by i.
6
Let b = -13 + 29. Let j = -808 + 1424. Suppose j + 55 = 11*l. Calculate the remainder when l is divided by b.
13
Suppose 0 = -2*n - 2*n + 92. Let m(y) = 9 + 3 + 11*y + 13*y - y**2 - n*y. What is the remainder when 47 is divided by m(0)